a**3/3 + a**2 + 4. Calculate the remainder when (-2)/4 + 30/4 is divided by u(2).
3
Let h = 27 + 12. Calculate the remainder when h is divided by 8.
7
Suppose 0 = z - 4*j - 31, 0*j + j - 54 = -3*z. What is the remainder when (-1125)/(-20) - (-1)/(-4) is divided by z?
18
Suppose -5*t = -9 - 6. Suppose t*x + 6 = 6*x. Suppose 79 = x*c + 19. What is the remainder when c is divided by 16?
14
Suppose 0*w + 2*w - n = -11, -10 = -2*n. Let c(d) = -d**3 - 2*d**2 - d + 1. Calculate the remainder when c(w) is divided by (-52)/(-10) - (-3)/(-15).
3
Calculate the remainder when 1/(4 + -4 + -1) + 120 is divided by 31.
26
Suppose 3*o + 14 = -2*h + 68, 3*h - 36 = -2*o. Let u = o + -4. Suppose 0 = b + 3, 2*i = -0*i - b + 7. Calculate the remainder when u is divided by i.
4
Suppose -x + 25 = -3*w, -5*w + 7*w = 4. Calculate the remainder when x is divided by 11.
9
Let c = -7 + 10. Suppose -3*j + 70 = -2*i, -j - c*i + 7 = -9. Suppose -4*z - 3*v = -26, -2*v + 10 = 3*z - 10. What is the remainder when j is divided by z?
6
Let m(v) = -3*v. Let q be m(-5). Let f be (0 + (-8)/(-4))*11. Let z = f - q. What is the remainder when 12 is divided by z?
5
Let d(h) = h**3 + 5*h**2 - 5*h - 2. Suppose -u - 16 = -6*u + 2*y, -2*y = 5*u - 4. Let w be -5*(u - (1 - 0)). Calculate the remainder when d(w) is divided by 8.
7
Let h = 13 - 13. Calculate the remainder when 4 + 0 + 19 + h is divided by 8.
7
Suppose -9 = -3*f, -3*v = -0*v + 2*f + 9. Let a(o) = -o**2 - 7*o - 5. Let r be a(v). Suppose r*l - 115 = -0*l. Calculate the remainder when l is divided by 12.
11
Suppose 2*c - 7*c - 3*g - 1 = 0, 7 = c + 3*g. Calculate the remainder when 274/10 + c/5 is divided by 14.
13
Suppose 0 = 4*q + 4*d - 72, -4*d + 30 = 2*q - 0*q. What is the remainder when 65 - 2 - (7 + -5) is divided by q?
19
Calculate the remainder when 19 is divided by 47/9 + 20/(-90).
4
Let g(w) = -w**3 + 26. What is the remainder when g(0) is divided by 14?
12
Suppose 2*q = -6*n + 4*n + 12, -q - 6 = 4*n. Suppose 2*m = m + 29. What is the remainder when m is divided by q?
9
Let t = 1 + -1. Suppose s + t = 4. Calculate the remainder when s is divided by 3.
1
Suppose -5*r + 25 = -0. Suppose -r*u = -8 - 7. Suppose h = -2*h + 24. Calculate the remainder when h is divided by u.
2
Suppose 84*v = 89*v - 50. Calculate the remainder when v is divided by 4.
2
Suppose -g + 17 + 55 = 0. Let x = g - 39. What is the remainder when x is divided by 17?
16
Suppose -14 + 8 = -f. Let a(c) = c**3 + c**2 + c + 22. What is the remainder when a(0) is divided by f?
4
Suppose -b + 128 = f - 0*f, -2*f - 137 = -b. Let y = b + -75. Suppose 47*v - 450 = 443. What is the remainder when y is divided by v?
18
Let g be (-3)/9 - (-50)/6. Let p(k) = -4 - 3*k**2 - 5 + 5*k**2 - 10*k + 0*k**2. Calculate the remainder when p(g) is divided by 14.
11
Let i be (2 - 3)/(2 + -1). Let g = 20 + i. What is the remainder when g is divided by 10/1 - (-1 - -1)?
9
Suppose 4*p + 5 - 25 = 0. Suppose 0 = p*u - 17 - 13. What is the remainder when 23 is divided by u?
5
Let d(k) = k - 7. Let s be d(11). Suppose 4*y - s = 0, -4*i + y = -2*y - 21. What is the remainder when 21 is divided by i?
3
Suppose -4*n = -10 - 38. Calculate the remainder when 21 is divided by n.
9
Let o(w) = 3*w - 12. Let y = 21 - 11. Calculate the remainder when 51 is divided by o(y).
15
Let d(s) = s + 7. Let g(n) = n. Let c(p) = -d(p) + 2*g(p). Let h be c(0). Let q = h - -11. What is the remainder when 6 is divided by q?
2
Suppose 11*q + 3*q = 322. Calculate the remainder when 90 is divided by q.
21
Let n = 36 + -11. Calculate the remainder when -2 + 2 + n + 0 is divided by (18/(-4))/((-5)/10).
7
Let o = 18 - 55. Calculate the remainder when o/(-2) - 1/2 is divided by 7.
4
Let b(f) = f**3 - 6*f**2 + 5*f + 4. Let r(o) = -2*o + o**3 - 16 + 3*o + 15 + 4*o**2. Let w be r(-3). What is the remainder when 15 is divided by b(w)?
3
Let q = 28 + -11. What is the remainder when q is divided by ((-10)/8)/(5/(-40))?
7
What is the remainder when 93 is divided by 6*(1/(-2) + 0) - -19?
13
Calculate the remainder when 71 is divided by 73/3 - (-9)/(-27).
23
Let a = -14 - -47. Calculate the remainder when a is divided by 17.
16
Let r = -19 - -44. Calculate the remainder when r is divided by (-1)/((-3 - 1)/56).
11
Let k(t) = t**2 + t + 11. Let b be k(0). Let c(j) = -11*j + 2 - j**3 + 12*j**2 - 6 + 7. What is the remainder when 5 is divided by c(b)?
2
Let x = 19 + -27. Calculate the remainder when 34 is divided by 36/x*(-4)/1.
16
Suppose -41 = -2*x + 1. Suppose 4*q = n + 53, 3*n - 7*n = -2*q + 44. What is the remainder when x is divided by q?
9
Suppose 3*h - 2 = 7. Suppose -1 + 9 = 2*b. Suppose u + 1 = b*l, -2*u - 4*l + 19 = -3. Calculate the remainder when u is divided by h.
1
Let h = 11 - -9. Suppose -3*i + t - 8 = 5*t, 3*t = 2*i - 23. Suppose -i*c - 38 = -5*c. Calculate the remainder when c is divided by h.
18
Let c(a) = -a**2 + 10*a + 12. Calculate the remainder when c(9) is divided by (2 + -1)/(3/18).
3
Let o = 32 + -8. What is the remainder when 95 is divided by o?
23
Let c(w) = w**3 - 4*w**2 - 5*w + 4. Let x be c(5). Let t be (x - 3)/(-2)*-2. What is the remainder when 0 - (-25)/t*1 is divided by 13?
12
Let y(g) = 4*g**3 - 2*g**2 + 1. Let o be y(1). Suppose c + o*n - n = -3, -3*c - 4 = n. Calculate the remainder when (2 - 0)*c + 30 is divided by 15.
13
Let r(i) = -i**3 - 3*i**2 - 5*i - 2. Let b = -70 + 94. Calculate the remainder when b is divided by r(-3).
11
Suppose -2*u = 3*u + 10. Let n = u - -8. Calculate the remainder when n is divided by 4.
2
Let m = 37 - -57. Suppose 30 = 4*d - m. What is the remainder when d is divided by (4/(-10))/(4/(-160))?
15
Suppose -6*c + 11*c - 15 = 0. Let g(r) = -r**2 + 3*r + 6. Let y be g(5). What is the remainder when c is divided by -1*(2 - 0) - y?
1
Suppose -2*m = 6 + 4, 4*m = 5*f - 540. Calculate the remainder when f is divided by (-71)/(-2) + (-14)/28.
34
Let r(o) = 2*o**2 + 3. Let p be r(3). Suppose -76 + p = -5*j. Calculate the remainder when j is divided by 4.
3
Let j = -16 - -37. Suppose 4*l - 65 = -j. What is the remainder when l is divided by 4?
3
Calculate the remainder when 26 is divided by 15/(-2 + 3) - (-5 + 4).
10
Suppose -4*s = -c - 12, 4*c = -0*s - 2*s + 24. Let x be 16/(-3)*(-9)/c. Calculate the remainder when 2 is divided by (2 + x/(-9))*3.
0
Let s be (-2 - -2) + (-81)/(-3). Let j = -18 + s. What is the remainder when 42 is divided by j?
6
Let h(i) = 29*i**2 - 1. Let p = 164 + -109. What is the remainder when p is divided by h(1)?
27
Let k = -23 - -55. What is the remainder when k is divided by 17?
15
Let u be 73/(-3 + 3 - -1). Suppose 4*y - u + 21 = 0. Calculate the remainder when y is divided by 7.
6
Suppose 5*c - 2*z + 6 + 30 = 0, 5*z - 15 = 0. Let v(x) = -x**3 - 7*x**2 - 9*x - 13. What is the remainder when 18 is divided by v(c)?
3
Suppose -4*y - c - 6 = 80, 2*y - 2*c + 48 = 0. Let r = -14 - y. Calculate the remainder when 14 is divided by r.
6
What is the remainder when 27 is divided by 1/(1*2/30)?
12
Let a(m) = -m + 10. Suppose -5*r = -p - 14, 0 = -r + 2 - 0. Let w = 2 - p. Calculate the remainder when 7 is divided by a(w).
3
Let a(h) = -h - 1. Suppose -36 = -5*w - 3*b, 3*w - 2*b = 5*w - 16. Calculate the remainder when w is divided by a(-5).
2
Let c = -18 + 19. Calculate the remainder when (-480)/(-16) + c + 1 is divided by 11.
10
Let f(m) = m**2 - 7*m + 16. Calculate the remainder when 3*(-3 + -9)*-1 is divided by f(6).
6
Suppose 0 = -2*m + 7*m + 5*n - 165, 3*n = 5*m - 125. Suppose 6*s = 8*s - 30. What is the remainder when m is divided by s?
13
Let u = -57 + 86. Let n = u + -18. Let p = -11 + 15. What is the remainder when n is divided by p?
3
Let a be (-1 - -2)*(1 - 1). Suppose a = 2*b + 3*b - 35. What is the remainder when b is divided by 2?
1
Let q = -9 + 3. What is the remainder when 0 - (-86)/4*2 is divided by -45*(4/2)/q?
13
Suppose 2*s - 3*w = -w, -4*s + 9 = -w. Suppose 4*d - 16 = 0, -s*b + 2*d + 23 = -2. Calculate the remainder when 42 is divided by b.
9
Let p be 6/(-15)*-5 + 2. Suppose 31 + 5 = p*c. Calculate the remainder when c is divided by (-2)/(-5) + (-23)/(-5).
4
Let a(b) = -9*b**3 - 2*b**2 - 1. Let z(r) = -27*r**3 - 7*r**2 - r - 3. Let y(x) = -7*a(x) + 2*z(x). What is the remainder when 15 is divided by y(1)?
7
Let q(p) = p + 10. What is t